{"id":6663,"date":"2017-04-20T14:56:27","date_gmt":"2017-04-20T14:56:27","guid":{"rendered":"http:\/\/mediclinic.mikado-themes.com\/?page_id=6663"},"modified":"2026-02-05T20:56:28","modified_gmt":"2026-02-05T19:56:28","slug":"kontakt","status":"publish","type":"page","link":"https:\/\/radtkeclinic.pl\/grudziadz\/kontakt\/","title":{"rendered":"Kontakt"},"content":{"rendered":"<div class=\"wpb-content-wrapper\"><p>[vc_row row_content_width=&#8221;grid&#8221; css=&#8221;.vc_custom_1494245957708{padding-top: 100px !important;padding-bottom: 61px !important;}&#8221;][vc_column css=&#8221;.vc_custom_1492758468819{margin-top: -32px !important;}&#8221; offset=&#8221;vc_col-lg-6 vc_col-xs-12&#8243;][vc_row_inner][vc_column_inner][vc_empty_space height=&#8221;12px&#8221;][vc_column_text]<\/p>\n<h3>Radtke Clinic<\/h3>\n<p>[\/vc_column_text][vc_column_text]ul. Laskowicka 2-4<br \/>\n86-300 Grudzi\u0105dz<\/p>\n<p>[\/vc_column_text][vc_empty_space][vc_column_text]<strong>Rejestracja<\/strong>[\/vc_column_text][vc_column_text]E-mail: <a href=\"mailto:office@example.com\">rejestracja@radtkeclinic.pl<\/a><br \/>\nTelefon: +48 736 79 79 79[\/vc_column_text][vc_empty_space][vc_column_text]<span style=\"font-size: 14pt;\"><strong>Numer konta bankowego: Santander<\/strong><\/span><\/p>\n<p>59 1090 1678 0000 0001 4499 4334[\/vc_column_text][\/vc_column_inner][\/vc_row_inner][\/vc_column][vc_column offset=&#8221;vc_col-lg-6 vc_col-xs-12&#8243;]<div class=\"mkdf-section-title-holder mkdf-st-standard mkdf-st-title-left mkdf-st-normal-space \" style=\"text-align: left\">\n\t<div class=\"mkdf-st-inner\">\n\t\t\t\t\t<h3 class=\"mkdf-st-title\" style=\"color: #020202\">\n\t\t\t\tNapisz do nas\t\t\t<\/h3>\n\t\t\t\t\t<\/div>\n<\/div>[vc_empty_space height=&#8221;20px&#8221;]\n<div class=\"wpcf7 no-js\" id=\"wpcf7-f9575-o1\" lang=\"pl-PL\" dir=\"ltr\" data-wpcf7-id=\"9575\">\n<div class=\"screen-reader-response\"><p role=\"status\" aria-live=\"polite\" aria-atomic=\"true\"><\/p> <ul><\/ul><\/div>\n<form action=\"\/grudziadz\/wp-json\/wp\/v2\/pages\/6663#wpcf7-f9575-o1\" method=\"post\" class=\"wpcf7-form init cf7_custom_style_3\" aria-label=\"Formularz kontaktowy\" novalidate=\"novalidate\" data-status=\"init\">\n<fieldset class=\"hidden-fields-container\"><input type=\"hidden\" name=\"_wpcf7\" value=\"9575\" \/><input type=\"hidden\" name=\"_wpcf7_version\" value=\"6.1.5\" \/><input type=\"hidden\" name=\"_wpcf7_locale\" value=\"pl_PL\" \/><input type=\"hidden\" name=\"_wpcf7_unit_tag\" value=\"wpcf7-f9575-o1\" \/><input type=\"hidden\" name=\"_wpcf7_container_post\" value=\"0\" \/><input type=\"hidden\" name=\"_wpcf7_posted_data_hash\" value=\"\" \/>\n<\/fieldset>\n<p><label> Imi\u0119 i nazwisko (wymagane)<br \/>\n<span class=\"wpcf7-form-control-wrap\" data-name=\"your-name\"><input size=\"40\" maxlength=\"400\" class=\"wpcf7-form-control wpcf7-text wpcf7-validates-as-required\" aria-required=\"true\" aria-invalid=\"false\" value=\"\" type=\"text\" name=\"your-name\" \/><\/span> <\/label>\n<\/p>\n<p><label> Adres email (wymagane)<br \/>\n<span class=\"wpcf7-form-control-wrap\" data-name=\"your-email\"><input size=\"40\" maxlength=\"400\" class=\"wpcf7-form-control wpcf7-email wpcf7-validates-as-required wpcf7-text wpcf7-validates-as-email\" aria-required=\"true\" aria-invalid=\"false\" value=\"\" type=\"email\" name=\"your-email\" \/><\/span> <\/label>\n<\/p>\n<p><label> Temat<br \/>\n<span class=\"wpcf7-form-control-wrap\" data-name=\"your-subject\"><input size=\"40\" maxlength=\"400\" class=\"wpcf7-form-control wpcf7-text\" aria-invalid=\"false\" value=\"\" type=\"text\" name=\"your-subject\" \/><\/span> <\/label>\n<\/p>\n<p><label> Tre\u015b\u0107 wiadomo\u015bci<br \/>\n<span class=\"wpcf7-form-control-wrap\" data-name=\"your-message\"><textarea cols=\"40\" rows=\"10\" maxlength=\"2000\" class=\"wpcf7-form-control wpcf7-textarea\" aria-invalid=\"false\" name=\"your-message\"><\/textarea><\/span> <\/label>\n<\/p>\n<p><input class=\"wpcf7-form-control wpcf7-submit has-spinner\" type=\"submit\" value=\"Wy\u015blij\" \/>\n<\/p><p style=\"display: none !important;\" class=\"akismet-fields-container\" data-prefix=\"_wpcf7_ak_\"><label>&#916;<textarea name=\"_wpcf7_ak_hp_textarea\" cols=\"45\" rows=\"8\" maxlength=\"100\"><\/textarea><\/label><input type=\"hidden\" id=\"ak_js_1\" name=\"_wpcf7_ak_js\" value=\"175\"\/><script>document.getElementById( \"ak_js_1\" ).setAttribute( \"value\", ( new Date() ).getTime() );<\/script><\/p><div class=\"wpcf7-response-output\" aria-hidden=\"true\"><\/div>\n<\/form>\n<\/div>\n[vc_empty_space][\/vc_column][\/vc_row][vc_row][vc_column][vc_gmaps link=&#8221;#E-8_JTNDaWZyYW1lJTIwc3JjJTNEJTIyaHR0cHMlM0ElMkYlMkZtYXBzLmdvb2dsZS5jb20lMkZtYXBzJTNGcSUzREdydWR6aSUyNUM0JTI1ODVkeiUyQyUyNTIwTGFza293aWNhJTI1MjAyLTQlMjZhbXAlM0J0JTNEJTI2YW1wJTNCeiUzRDE2JTI2YW1wJTNCaWUlM0RVVEY4JTI2YW1wJTNCaXdsb2MlM0QlMjZhbXAlM0JvdXRwdXQlM0RlbWJlZCUyMiUyMGZyYW1lYm9yZGVyJTNEJTIyMCUyMiUyMHNjcm9sbGluZyUzRCUyMm5vJTIyJTIwc3R5bGUlM0QlMjJ3aWR0aCUzQSUyMDEwMCUyNSUzQiUyMGhlaWdodCUzQSUyMDMwMHB4JTNCJTIyJTNFJTNDJTJGaWZyYW1lJTNFJTNDc3R5bGUlM0UubWFwb3V0ZXIlN0JkaXNwbGF5JTNBdGFibGUlM0IlN0QuZ21hcF9jYW52YXMlN0JvdmVyZmxvdyUzQWhpZGRlbiUzQnBvc2l0aW9uJTNBcmVsYXRpdmUlM0JoZWlnaHQlM0EzMDBweCUzQndpZHRoJTNBMTA4MHB4JTNCYmFja2dyb3VuZCUzQSUyM2ZmZiUzQiU3RCUzQyUyRnN0eWxlJTNF&#8221; css=&#8221;&#8221;][\/vc_column][\/vc_row]<\/p>\n<\/div>","protected":false},"excerpt":{"rendered":"<p>[vc_row row_content_width=&#8221;grid&#8221; css=&#8221;.vc_custom_1494245957708{padding-top: 100px !important;padding-bottom: 61px !important;}&#8221;][vc_column css=&#8221;.vc_custom_1492758468819{margin-top: -32px !important;}&#8221; offset=&#8221;vc_col-lg-6 vc_col-xs-12&#8243;][vc_row_inner][vc_column_inner][vc_empty_space height=&#8221;12px&#8221;][vc_column_text] Radtke Clinic [\/vc_column_text][vc_column_text]ul. Laskowicka 2-4 86-300 Grudzi\u0105dz [\/vc_column_text][vc_empty_space][vc_column_text]Rejestracja[\/vc_column_text][vc_column_text]E-mail: rejestracja@radtkeclinic.pl Telefon: +48 736 79 79 79[\/vc_column_text][vc_empty_space][vc_column_text]Numer konta bankowego: Santander 59 1090 1678 0000 0001 4499 4334[\/vc_column_text][\/vc_column_inner][\/vc_row_inner][\/vc_column][vc_column offset=&#8221;vc_col-lg-6 vc_col-xs-12&#8243;][vc_empty_space [&hellip;]<\/p>\n","protected":false},"author":1,"featured_media":0,"parent":0,"menu_order":5,"comment_status":"closed","ping_status":"closed","template":"full-width.php","meta":{"_monsterinsights_skip_tracking":false,"_monsterinsights_sitenote_active":false,"_monsterinsights_sitenote_note":"","_monsterinsights_sitenote_category":0,"footnotes":""},"class_list":["post-6663","page","type-page","status-publish","hentry"],"_links":{"self":[{"href":"https:\/\/radtkeclinic.pl\/grudziadz\/wp-json\/wp\/v2\/pages\/6663","targetHints":{"allow":["GET"]}}],"collection":[{"href":"https:\/\/radtkeclinic.pl\/grudziadz\/wp-json\/wp\/v2\/pages"}],"about":[{"href":"https:\/\/radtkeclinic.pl\/grudziadz\/wp-json\/wp\/v2\/types\/page"}],"author":[{"embeddable":true,"href":"https:\/\/radtkeclinic.pl\/grudziadz\/wp-json\/wp\/v2\/users\/1"}],"replies":[{"embeddable":true,"href":"https:\/\/radtkeclinic.pl\/grudziadz\/wp-json\/wp\/v2\/comments?post=6663"}],"version-history":[{"count":47,"href":"https:\/\/radtkeclinic.pl\/grudziadz\/wp-json\/wp\/v2\/pages\/6663\/revisions"}],"predecessor-version":[{"id":11030,"href":"https:\/\/radtkeclinic.pl\/grudziadz\/wp-json\/wp\/v2\/pages\/6663\/revisions\/11030"}],"wp:attachment":[{"href":"https:\/\/radtkeclinic.pl\/grudziadz\/wp-json\/wp\/v2\/media?parent=6663"}],"curies":[{"name":"wp","href":"https:\/\/api.w.org\/{rel}","templated":true}]}}